2*i - 136 = -3*w - g*w. What are the prime factors of i?
71
Let i(q) = 11*q**2 - q + 6. Suppose 13*r + 9 = 16*r. What are the prime factors of i(r)?
2, 3, 17
Let g be (3/2)/(8/608). Suppose 4*r - 274 = g. List the prime factors of r.
97
Let v(l) = -2*l**3 + 5*l**2 + 4. Let s(j) = -6*j**3 + 14*j**2 + 11. Let z(m) = -3*s(m) + 8*v(m). Suppose 0 = -5*g + 2 + 8. List the prime factors of z(g).
7
Suppose -53 = s - 170. Suppose -s = 5*y + 263. What are the prime factors of y/2*(-33)/22?
3, 19
Let t = 1878 + -878. Suppose -5*o + t = 5*d, 2*d - 1009 = -5*o - 0*d. What are the prime factors of o?
7, 29
Suppose -558 = 5*n - 14*n. List the prime factors of 5*1/10*n/1.
31
Let d(u) = u - 1. Let t be d(6). Let h(c) = -c**2 + 35*c - 168. Let x be h(29). Suppose t*v - 181 = a, -v + x*v + 5*a - 205 = 0. List the prime factors of v.
37
Let o = -405 - -896. What are the prime factors of o?
491
Suppose 2*d = 5*a + 10, -a - 48 = -4*d + 2*a. List the prime factors of d.
3, 5
Let h(a) = a**2 - 2*a - 3. Let l be h(-1). Suppose 5 = 3*q - 1. Suppose -g - 3*z - 43 = -q*g, l = 3*z + 9. What are the prime factors of g?
2, 17
Let l(y) = y**2 - 8*y + 20. Let m be l(5). Suppose 0 = -5*z - 8 - 17, -2*z = -m*o + 690. List the prime factors of o.
2, 17
Let c(b) = 11*b - 30. Let y be c(-5). What are the prime factors of (-14272)/(-68) + (-10)/y?
2, 3, 5, 7
Let u(l) = -l**3 + 6*l**2 - 7*l + 2. Let b be u(5). List the prime factors of 354/8 - (-2)/b.
2, 11
Suppose -1102 = 3*b - 3*m + 7*m, 2*b = 2*m - 744. Let s = 560 + b. List the prime factors of s.
2, 5, 19
Let d = -2 - -4. Let s = -1025 - -1041. Let y = s - d. What are the prime factors of y?
2, 7
Suppose -4*b + 8*b - 2*a - 5282 = 0, -3*b + 3984 = 3*a. List the prime factors of b.
3, 7
Let k = -13 - -31. Let p = -23 + k. Let y(r) = 4*r**2 + 12*r + 5. List the prime factors of y(p).
3, 5
Let m(d) = 5*d**2 - 1. Let q be m(1). Suppose 5*y + 1 - 50 = -q*u, 4*u = -2*y + 22. List the prime factors of ((-14)/(-4))/(y/126).
7
Let y(n) = -n**3 - n**2 + 1. Let k be y(-1). Suppose 1 = -4*h - 3*b, -h + b = -3*h + k. Suppose -41 = -h*p + p. List the prime factors of p.
41
Let y(v) = 238*v + 831. What are the prime factors of y(10)?
13, 19
Let x(b) = 14*b - 17. Let y(n) = -7*n + 9. Let q(s) = -4*x(s) - 9*y(s). List the prime factors of q(3).
2
Suppose -2*j - 20 = -3*r, 18 = 3*r - 2*r + 5*j. Suppose 4*d = 4*c - 76, r*c - 4*c - 72 = 2*d. List the prime factors of c.
17
What are the prime factors of 53*14 - (4 + (-9 - -10))?
11, 67
Let l be 2/8 + 171/36. Let m(g) = g**3 - 12*g**2 + 14*g - 11. Let u be m(11). Suppose u - 362 = -l*a. List the prime factors of a.
2, 17
Let w(s) be the second derivative of -s**3 - 13*s**2/2 - s. Let d be (132/(-110))/((-6)/(-40)). List the prime factors of w(d).
5, 7
Suppose 3*b + 1 = -3*a - 5, -5*a + 5*b = -40. Suppose a*q - 177 = -0*q. What are the prime factors of q?
59
Suppose g = -1, 0 = -3*z + 4*z - g - 256. Let a = -106 + z. Suppose a = 2*i - 5*d, 0 = -2*i - i - 5*d + 186. What are the prime factors of i?
67
Let r(x) = 3*x - 50. Let s(u) = 2*u - 50. Let z(m) = 3*r(m) - 4*s(m). List the prime factors of z(16).
2, 3, 11
Let h(o) = o**3 - 7*o**2 + 3*o + 21. Let t be h(6). Let z = 42 + t. List the prime factors of z.
3, 5
Let x(d) = -14*d + 160. What are the prime factors of x(-47)?
2, 409
Let g = 18 + -8. Let j(a) = -a**3 + 10*a**2 + 5*a - 25. List the prime factors of j(g).
5
Let n be 2/10 + (-94)/(-5). Let h = 23 - n. Suppose u + 96 = h*u. List the prime factors of u.
2
Let s(v) = 122*v - 17. What are the prime factors of s(5)?
593
List the prime factors of 1*1531/(-2 - (-6)/2).
1531
Let o(g) be the third derivative of -g**4/8 + 3*g**3/2 + 9*g**2. Let s be o(-5). Suppose -v - 3*d + s = -4*d, 4*d = -3*v + 86. List the prime factors of v.
2, 13
Let u = -137 + 282. List the prime factors of u.
5, 29
Let r(j) = -129*j + 10. What are the prime factors of r(-3)?
397
Let a be (2 + (-11)/4)*-4. Let d be 6 + 340/(-153) + (-4)/(-18). Suppose -d*i + 2 = -a*i. What are the prime factors of i?
2
Suppose 4*u - 1 = h, -2*u + 6 - 4 = 0. Suppose -4*d + h*d = -52. List the prime factors of d.
2, 13
Let z(x) = -184*x + 527. List the prime factors of z(-14).
29, 107
Suppose -a - 45 = -6*a. Suppose -4*p = -2*f - 3*f - 279, 4*f + 2*p + 218 = 0. List the prime factors of (a/15)/((-1)/f).
3, 11
Suppose -5*n - 3*i = -2*i - 880, -5*n = -i - 870. List the prime factors of n.
5, 7
List the prime factors of (-690)/(-35) - 12/(-42).
2, 5
Suppose -5*r + r + 16 = 0. Suppose -46 = -3*p + r*h, -5*h - 48 = -4*p + 13. Suppose -p = -2*c + 6. List the prime factors of c.
2, 5
Let n(i) = -10*i**2 + i + 5. Let s(b) = b**2 - 1. Let q(l) = -n(l) - 4*s(l). Let c(z) = 4*z + 57. Let g be c(-15). List the prime factors of q(g).
2, 7
Let r(v) = -v - 1. Let p(u) = 12*u + 30. Let b(l) = -p(l) - 5*r(l). What are the prime factors of b(-7)?
2, 3
Let l be (4/(-6))/((-12)/54). Suppose l*b - 2*b = 2. Suppose b*q - 2 - 2 = 0. List the prime factors of q.
2
What are the prime factors of ((-46487)/145)/(2/(-10))?
7, 229
Suppose -7*v + v = -36. Suppose 3*k + 5*q - 1 = 2*k, -2*q - v = 0. Suppose 4*h + 4 = k. List the prime factors of h.
3
Let h = 52 + -34. Suppose -48 - h = -s. What are the prime factors of s?
2, 3, 11
Suppose -86*n + 80*n = -22782. What are the prime factors of n?
3797
Let y(k) = -k**2 - 8*k + 13. Let u be (12 + 0)*(-36)/48. Let s be y(u). Suppose -3*w + 0*t = -4*t - 35, -s*t = -5*w + 69. List the prime factors of w.
17
Suppose 5*g = -15, 32*j = 28*j - 5*g + 2297. What are the prime factors of j?
2, 17
List the prime factors of (132/(-24) + -4)*-346.
19, 173
Suppose 2149 = 5*z - 281. List the prime factors of z.
2, 3
Let q = 1714 - 297. List the prime factors of q.
13, 109
Suppose 6*s - s = 25. Suppose -4*m = -s*m + 80. What are the prime factors of m?
2, 5
Suppose -4*m = c - 6*m - 747, -3*c - 5*m = -2285. List the prime factors of c.
5, 151
Let s(j) = -4*j + 10. Let l be s(-7). Let y be (-4)/(-3)*(-2 + l). Let u = y - 33. What are the prime factors of u?
3, 5
Suppose -5*h = -25 + 5. Suppose 0 = h*s + 12, 3*s = -3*g + 534 - 99. What are the prime factors of g?
2, 37
Let z = 8 + 135. List the prime factors of z.
11, 13
Let j(z) = 15*z - 78. Let p(u) = 5*u - 26. Let c(n) = -4*j(n) + 14*p(n). What are the prime factors of c(15)?
2, 7
Suppose 508 = o + 2*f, 11*o = 15*o - 5*f - 2032. What are the prime factors of o?
2, 127
Suppose 167*o - 175*o = -8592. What are the prime factors of o?
2, 3, 179
Suppose -5*z - 396 = -2*r, 0 = -4*r - 4*z + 35 + 729. List the prime factors of r.
193
Let s be (-4)/(-14) + (-1978)/14. Let m = -33 - s. Suppose -4*d - m = -7*d. What are the prime factors of d?
2, 3
Let l(x) = 3*x**2 - x + 3. Let h be l(5). Suppose h*g + 320 = 78*g. List the prime factors of g.
2
Let b = 229 - -496. List the prime factors of b.
5, 29
Suppose 5*y - 11 = -p, -3*y + 2*p + 5 = -4*y. Let j(d) = 12*d**2 - 10*d + 4. What are the prime factors of j(y)?
2, 41
Suppose -3*f + 4*f - 88 = 0. Suppose 2*c = -0*k + k + 24, -4*k + 4*c - f = 0. Let m = 58 + k. List the prime factors of m.
2, 19
Let w = -24 + 36. Let q be w/15 - (-972)/10. Suppose -4*o + 92 = -5*m - 37, 3*o - 4*m - q = 0. What are the prime factors of o?
2, 13
Let s = 306 + 298. List the prime factors of s.
2, 151
Let u(j) = 5*j - 45. Let y be u(12). Let h = y + -12. List the prime factors of h.
3
Suppose 9*d = 10*d - 24. Let v(r) = -5*r**3 + r**2 - r - 1. Let w be v(-1). Suppose -d = 4*c - w*c. List the prime factors of c.
2, 3
Suppose -44491 = -11*i + 1489. What are the prime factors of i?
2, 5, 11, 19
Let j = 187 - 185. Let g be 4/12 - (-26)/(-6). List the prime factors of (j/g)/(3/(-402)).
67
Suppose 0 = -3*j + 641 + 46. Suppose 5*s + 3 = 5*a - 287, -4*a + j = -5*s. What are the prime factors of a?
61
Let l(s) = 21*s**2 + 6*s + 9. What are the prime factors of l(-6)?
3
List the prime factors of -2220*(385/33)/(-7).
2, 5, 37
Suppose -5*c = -a - 8665, -c - 2*a + 1744 = -0*c. List the prime factors of c.
2, 3, 17
Suppose 2*g - 29 = t + 361, 2*g - 390 = -5*t. List the prime factors of g.
3, 5, 13
Let g = 75 + -48. Suppose -10*j - 22 = -52. Suppose 0 = j*w - 93 - g. List the prime factors of w.
2, 5
Suppose -f + 2085 = -4*y, y - 7 + 10 = 0. What are the prime factors of f?
3, 691
Let z(k) be t